s the tens digit of w?
6
Let k(o) = -o**2 + 7*o + 7. Let p be k(10). Let r = p - -221. What is the hundreds digit of r?
1
Let d(m) = -3*m + 30. Let s be d(6). Suppose 2*p + s = -4*c + 6*p, -c - 8 = -2*p. Suppose 2*r = v - 16, -r = 4*v - c*v - 22. What is the tens digit of v?
1
Let d(z) = -2*z**2 - 11*z + 6. Let f be d(-6). Suppose 0 = 3*w - f*w - 48. Let k = w + -8. What is the units digit of k?
8
Let q(z) = 448*z**2 - 45*z - 176. What is the hundreds digit of q(-3)?
9
Let v(l) = l**3 - 19*l**2 - 19*l + 44. Let t be v(20). Suppose -61*u - 888 = -t*u. What is the hundreds digit of u?
2
Let w(q) = -8*q + 496. Let p be w(58). Suppose n - 131 = 263. Suppose 4*u + p = -5*j + n, -4*u - 8 = 0. What is the units digit of j?
4
Let s(b) = 23*b**2 - 1. Suppose -5*t - 14 = 1. What is the tens digit of s(t)?
0
What is the hundreds digit of (-76)/(-418) - (0 - 312264/22)?
1
Suppose -3*f - z = -8, 3*z - 5*z - 11 = -3*f. Let d(u) = -f*u + 4 - 4*u + 0*u + 6*u. What is the units digit of d(-1)?
5
Let r(j) be the first derivative of -27*j**4/2 - 2*j**3/3 + 7*j**2/2 + 10*j - 40. What is the units digit of r(-2)?
0
Let i(z) = z**3 - 11*z**2 + 3*z - 22. Let a be i(11). Suppose -b - 3*w - 6 = a, 2*b + 22 = -2*w. What is the tens digit of (-10)/b - 1735/(-20)?
8
Let q = -686 - -686. Suppose -5*p = 4*x - 621 - 3927, 3*p = q. What is the hundreds digit of x?
1
Let o = 3836 - -247. What is the hundreds digit of o?
0
Let b(p) = -7*p**2 + 10*p + 33. Let l(y) = 11*y**2 - 15*y - 49. Let s(n) = -8*b(n) - 5*l(n). Let h = -705 + 718. What is the tens digit of s(h)?
8
Let v be (-3 - (-20)/12)*(-1521 - 6). Suppose -5*o - 2*j + v = 0, 4*o - 2*j = -0*o + 1618. What is the hundreds digit of o?
4
Suppose 0 = -2*q - 10 + 14. Suppose j = q*n - 1058 - 357, -705 = -n + j. What is the units digit of n?
0
What is the units digit of (1705 + -3)*(1 - -2 - (-92)/23)?
4
Let o be ((-3)/(-5))/((-6)/(-330)) + 3. Suppose -l + p - 222 + o = 0, 0 = 2*l - 3*p + 375. Let y = -96 - l. What is the units digit of y?
7
Let o = -6620 + 9037. What is the units digit of o?
7
Suppose 1580975 - 211112 = 137*h. What is the thousands digit of h?
9
Let d(r) = -r**2 - 15*r - 17. Let i be d(-14). Let z be ((-3)/(-2))/i*0 - -24. What is the units digit of (z/3)/(4/66)?
2
Suppose 4*c = -73 + 69. Let z(v) = -56*v**3 + 3*v**2 + 4*v + 2. What is the tens digit of z(c)?
5
Suppose -6*s + 45 = -87. Let h = s - -88. Suppose 3*v = -2*a + v + 110, -2*a + 5*v + h = 0. What is the units digit of a?
5
Suppose 7195 = 31*k - 1919. What is the units digit of -56*7/(k/(-576)) - 1?
7
Let o(n) = 15*n**2 + 212*n + 3442. What is the tens digit of o(-19)?
2
What is the tens digit of 2022*((-24)/(-3 - -7) - 22/(-2))?
1
Let p(w) = -163*w**3 + w**2 - 2*w - 1. Let r be p(1). Suppose 5*d = -627 - 13. What is the tens digit of (r/(-44))/((-6)/d)?
8
Let y(a) = a**2 + 76*a - 504. What is the thousands digit of y(62)?
8
Let j be (-18)/27 + 8/3. Let f(g) = -g**3 + 25*g**2 + 25*g + 100. Let u be f(26). Suppose -j*i = -4*i + u. What is the tens digit of i?
3
What is the tens digit of (-23 + 418/19)*(-7072 - 1)?
7
Let b(y) = 2*y - 14. Let i be b(8). Let h be ((-1)/i)/((2/(-72))/1). What is the units digit of h + 0 - -4*(0 - -1)?
2
Let z be 107 + -2*(3 - (4 - 0)). Let n = -168 + 109. Let j = z + n. What is the tens digit of j?
5
Suppose -v - 2947 = -8*v. Suppose -q - 37 = -b - v, 0 = -5*q + b + 1924. Suppose -7*h = -q - 903. What is the units digit of h?
4
Suppose 0*l = 5*l + 20, -a + 4*l + 18 = 0. Let g be a - 2*(-5 - -3). Suppose -1936 = -14*i + g*i. What is the tens digit of i?
4
Let s(m) = m + 5. Let k = -42 - -37. Let z be s(k). Suppose -6*w + 133 - 1 = z. What is the tens digit of w?
2
Suppose p - 4 = 2. Let t be (p/(-3) - 1)/(21/1106). Let l = 82 - t. What is the hundreds digit of l?
2
Suppose -10*d + 10 + 290 = 0. Suppose 11*h - 5*h + d = 0. What is the units digit of (163 + h)*(-4)/(-8)?
9
Let g = 21 + -5. Suppose g = 5*x - 4*x. Let z = x - 2. What is the tens digit of z?
1
Let k(n) = -2*n + 2. Let f be k(-11). Let z = f + -16. What is the units digit of ((-226)/z + 15/(-20))/(-1)?
9
Let f = 3033 + -1090. Let t = -1166 + f. What is the hundreds digit of t?
7
Let n(d) = -13*d**3 - 13*d**2 - 12*d + 1. Let p be n(-4). Let g = p + -42. What is the tens digit of g?
3
Let z(i) = -i**2 - 29*i + 55. Let g be z(-23). Let l = 598 - g. What is the hundreds digit of l?
4
Suppose s = -2*t - 8 + 1, 4*s + 3 = -3*t. Suppose 214 = 2*r + s*z, -2*r - z + 0*z + 222 = 0. What is the hundreds digit of r?
1
Suppose -3*p + 28*p = 161000. What is the tens digit of p?
4
Let t = -101 - -105. Suppose 0 = -4*m + 4*f + 12, 4*m + t*f + 3 = -9. Suppose m = 5*u - u - 944. What is the units digit of u?
6
Suppose 680*j - 165360 = 674*j. What is the thousands digit of j?
7
Suppose -6*r - 503 = -2657. What is the tens digit of r?
5
Let y(n) = 272*n + 4405. What is the tens digit of y(-5)?
4
Let t(d) = 240*d + 45. Let r(h) = -h**2 - 14*h + 4. Let a be r(0). What is the hundreds digit of t(a)?
0
Let q(j) = 816*j**2 - 752*j + 62. What is the ten thousands digit of q(9)?
5
Let h = 111 + -105. Suppose -h*a - 13 = 5. What is the hundreds digit of 3228/21 + (-2)/(-7) + a?
1
Let o(d) = d - 6. Let s be (-18)/(-99) + (-40)/(-22). Let f(c) = -c**3 + 2*c**2 + 6*c - 5. Let i be f(s). What is the units digit of o(i)?
1
Let x(c) = c**2 - 14*c + 93. Let f be x(11). Suppose -f = -3*t + 15*z - 11*z, -t + 20 = 3*z. What is the units digit of t?
0
Let m = -101 - -364. Suppose 0 = 8*d + m - 1143. Suppose -6*f - d = -8*f. What is the units digit of f?
5
Suppose 4*u = -3*p - 22 + 178, 3*u = -2*p + 116. What is the hundreds digit of (3/6)/(9/u)*253?
5
Let j be (-533)/(-1) - (6 + (-9)/3). Suppose 0*y - 2*c + 656 = 5*y, 4*y - c = j. Suppose 0 = -2*o + y + 74. What is the hundreds digit of o?
1
Let m(i) = i**3 + 6*i**2 - i - 6. Let g be m(-6). What is the hundreds digit of 8/8 + (1 - g)*674?
6
Let o = 6069 + -3087. What is the thousands digit of o?
2
Let u(h) = h**3 + 28*h**2 + 7*h + 55. What is the tens digit of u(-16)?
1
Let a(g) = 36*g**2 - 35*g + 51. What is the units digit of a(12)?
5
Let r(g) = 6*g**2 - 4 - 6*g - 33 - 5*g**2 + 11*g. Let p be r(-16). Suppose -l - f = -74, 0 = 5*l - 4*f - p - 186. What is the tens digit of l?
6
Let r(o) = 2*o**2 - 8*o - 16. Let z be r(5). Let g(j) = -j**3 - 3*j**2 + 7*j + 1. Let k be g(z). Suppose -66*w = -k*w + 175. What is the hundreds digit of w?
1
What is the units digit of 7 + 0 + 13416/(6 - 5)?
3
Let c = 3333 - -5564. What is the units digit of c?
7
Let k(x) = x**3 - 7*x**2 - 30*x + 18. Let p(r) = -r**2 + r + 18. Let v be p(3). What is the hundreds digit of k(v)?
3
Suppose 0 = -13*a + 39*a + 182. Let k(j) = -3*j**3 - 17*j**2 - 6*j - 9. What is the tens digit of k(a)?
2
Suppose 2*r = -4*b + 69 + 45, -3*b - r = -85. Suppose 0 = -27*d + b*d - 3. Let j = d + 6. What is the units digit of j?
9
Suppose -273 + 22028 = 5*n - 4*a, 2*n - 8709 = 3*a. What is the units digit of n?
7
Suppose 31*a = 3*a + 251097 - 94213. What is the hundreds digit of a?
6
Suppose -20*p = -5*p - 4770. Suppose w + 768 + p = d, w = -5*d + 5418. What is the units digit of d?
4
Suppose 3*j - 4*m + 44525 = 128091, 0 = -4*j + m + 111456. What is the tens digit of j?
6
Suppose -5*l + 4*q + 368 + 142 = 0, -2*l - q + 217 = 0. Suppose 3*x - 2*s = l, -5*x - s + 121 = -73. What is the units digit of x?
8
Let j(y) = 54011*y**2 + 28*y + 1. What is the units digit of j(-1)?
4
Suppose 2*g - 3*g + 4*w = -25, -3*g + 5*w = -40. Let h(f) = 3*f**2 + g + 14 + 9*f + 2*f + 5. What is the tens digit of h(-6)?
6
Suppose -5*x + 5 = 0, -10*a + 15*a + 4*x - 4594 = 0. Suppose a = 5*h - 227. What is the units digit of h?
9
Suppose -27*y + 33*y - 48 = 0. Suppose 13751 = y*w + 2447. What is the tens digit of w?
1
Let v(n) = 1369*n**2 + 46*n - 267. What is the tens digit of v(6)?
9
Let x(f) = 13*f**3 - 16*f**2 + 3*f + 40. What is the hundreds digit of x(7)?
7
What is the units digit of (-3)/10 - 331625/(-1250)?
5
Let y = -31942 + 48099. What is the hundreds digit of y?
1
Let c(k) = -63*k**3 - 6*k**2 - 154*k - 1494. What is the tens digit of c(-10)?
4
Let w be 6*60/18 + -3. Suppose 3*y - 534 = -w*l + 14*l, 3*y - 526 = -l. What is the hundreds digit of y?
1
Suppose 47*d - 38*d = 156123. Suppose 10*z - 29*z = -d. What is th